*p, -9 - 11 = 5*c. Suppose 4*q = -m + 214, p*q = -m + 140 + 21. List the prime factors of q.
53
Let v(t) = 17 + 6 + t + 3*t - 6*t**2 + 5*t. Let w(r) = -2*r**2 + 3*r + 8. Let g(p) = -4*v(p) + 11*w(p). What are the prime factors of g(3)?
5
Let i = 46 + -43. Suppose i*a - 128 = 55. List the prime factors of a.
61
List the prime factors of 3*2/(-8)*(-1020)/9.
5, 17
Suppose -5*p + 228 = -2*x, -2*p = -3*x + x - 96. Let g = p + -38. List the prime factors of g.
2, 3
Suppose 3 = -r, -5*u + 0*r + 13 = -r. Let s be ((-4)/(-6))/(u/18). Let f(x) = x**3 - 6*x**2 + 8*x - 14. What are the prime factors of f(s)?
2, 17
Let w = -1468 + 3816. List the prime factors of w.
2, 587
Suppose i + 2 = 3*c, 0*c + 4 = -c - 2*i. Suppose 141 = 3*z - c*z. Let k = -23 + z. List the prime factors of k.
2, 3
Suppose 0 = 12*s - 16 - 20. Suppose -496 = -4*h - 4*c + 356, -c = s*h - 645. What are the prime factors of h?
2, 3
Suppose 600 = 4*p - 12*p. Let o = 87 + p. List the prime factors of o.
2, 3
Let l be (1/2)/(7/(-42)). Let q be (60/l + 0)*1. Let r = -6 - q. What are the prime factors of r?
2, 7
Let j = 34 - 26. Suppose 5*d = 7*d - j. List the prime factors of d.
2
Let d(g) = 540*g - 122. What are the prime factors of d(4)?
2, 1019
Suppose 3*v + 0*v = 0. Suppose -2*j + 175 - 63 = v. List the prime factors of j.
2, 7
Suppose 0 = -4*u - 3 - 13, 988 = 3*q - 4*u. What are the prime factors of q?
2, 3
Let j be -6 + (-6)/(-9)*-3. Let v = 12 + j. Suppose 32 = v*l - 52. What are the prime factors of l?
3, 7
Suppose -1 = -o + 1. Suppose a - 92 = -o*a + n, 2 = -n. What are the prime factors of 428/24 + 5/a?
2, 3
Let w(q) = q**2 + 4*q + 7. Let p be w(-6). Suppose p*n = 11*n + 128. What are the prime factors of n?
2
Let c(g) = g**2 - 8*g - 13. Let l(w) = -w**3 - 3*w**2 - 4*w - 1. Let r be l(-3). What are the prime factors of c(r)?
2, 5
Let j be (14 - 14) + 20*1. Let u = j - 17. Suppose 3*z = u*g - 87, -3*g + g + 70 = 2*z. List the prime factors of g.
2
Let l(i) = i**3 + 8*i**2 + 2*i - 1. Suppose -13*k + 17*k = -24. What are the prime factors of l(k)?
59
What are the prime factors of (-677 - (-7)/(-7))/(2/(-1))?
3, 113
Let u(r) = 8*r**3 + 3*r**2 - 10*r + 3. Let x(v) = 7*v**3 + 4*v**2 - 11*v + 4. Let q(j) = -4*u(j) + 5*x(j). List the prime factors of q(4).
2, 67
Suppose 79920 = 88*i - 14*i. What are the prime factors of i?
2, 3, 5
Let y = 4 - 0. Suppose -4*p = 5*a + 45, p - 6*p = -y*a + 87. List the prime factors of p/6*(-34)/5.
17
Suppose q = -5 + 6. Let b be (8/16)/(q/170). Suppose 3*v - b = -4. List the prime factors of v.
3
Suppose -4431 = -4*h - c, -3*h - 4*c + 2436 = -897. List the prime factors of h.
3, 41
Suppose 69*t + 2196 = 75*t. What are the prime factors of t?
2, 3, 61
Suppose -3*f + 5571 - 1680 = 3*j, -3*j + 5*f = -3931. What are the prime factors of j?
2, 3, 7, 31
Let x = 614 + 1800. What are the prime factors of x?
2, 17, 71
Let l = 94 + -30. Let u = l - -8. List the prime factors of u.
2, 3
Suppose 108 = 11*r + 9. List the prime factors of ((-7)/r - -1) + (-57780)/(-243).
2, 7, 17
Suppose 4*i = i + 12. Suppose 2*r + i*g = 6, 5 = -4*g + 1. What are the prime factors of r?
5
Suppose 0 = -2*b - 4*a + 520, 2*b - b - 4*a = 236. Let q = b - 106. What are the prime factors of q?
2, 73
Let k(i) = -i**3 - 11*i**2 - 18*i + 5. Let t be k(-9). Suppose 0 = -t*r + 429 - 169. What are the prime factors of r?
2, 13
Suppose 3*t - 13 = 26. Suppose 3*f - t = -4. Suppose 2*i - 96 = -4*o - 2*i, 68 = f*o - i. What are the prime factors of o?
23
Let t = 2952 + -574. List the prime factors of t.
2, 29, 41
List the prime factors of (1460/32)/((-4)/(-32)).
5, 73
Suppose 2*g = 2, 0*b + 51 = b - g. Suppose 11*h - b = 9*h. List the prime factors of h.
2, 13
Suppose 14 = 27*a - 25*a. Suppose 3*t + 444 = a*t. List the prime factors of t.
3, 37
List the prime factors of -3 + (-5 + -3)*-73.
7, 83
List the prime factors of 4694 + 13 + -11 + -4.
2, 3, 17, 23
Suppose -4*c - 24*i = -25*i - 4327, 5*i - 5 = 0. List the prime factors of c.
2, 541
Let x = 31 + -51. List the prime factors of (3 - x) + 9/3.
2, 13
Let z = -31 + 35. Let l(n) = z + 9 + 28*n - 26*n. List the prime factors of l(-4).
5
What are the prime factors of (-19)/(950/(-144920)) - 9/(-15)?
13, 223
Let x(b) = 29*b**2 - 4*b - 1. Suppose -31 + 27 = -2*q. What are the prime factors of x(q)?
107
Let n(f) = -f**3 + 3*f**2 + 6*f + 8. Let x be n(-6). Suppose 9*c - x = 5*c. Suppose -3*k + 3*h = -k - c, 0 = 5*k + 2*h - 166. List the prime factors of k.
2, 17
Let p be (-8 + 0)*3/(-2). Let d(w) = w**3 - 12*w**2 + 19*w + 22. Let j be d(10). Let r = j + p. List the prime factors of r.
2, 3
Suppose 33248 = 47*k - 31*k. List the prime factors of k.
2, 1039
Suppose -5*z = -2*j - 8916, -4*z + 2731 + 4401 = -2*j. List the prime factors of z.
2, 223
Let h be (-12)/16 + (-6)/(-8). Let s = -2 + h. List the prime factors of (-6 + s)/(10/(-15)).
2, 3
Let d = 796 + -22. List the prime factors of d.
2, 3, 43
Let f(q) = 38*q**2 - 16*q - 1. Let i(a) = 13*a**2 - 5*a. Let g(o) = 4*f(o) - 11*i(o). List the prime factors of g(5).
2, 11
Let f = -25 + 15. Let j = -31 - f. List the prime factors of 1 - (-4)/4 - j.
23
Let q(g) = -g**3 + 11*g**2 + 12*g - 12. Let s be q(12). Let m be ((-4)/3)/(8/s). Suppose -4*k + 64 = -4*u, 3*k - m*u - 34 = 18. List the prime factors of k.
2, 5
Let s = -33 - -59. Let p be 11/5 + 1/(-5). Suppose 0 = -t - p*i + s, -t + 82 = 2*t + 4*i. What are the prime factors of t?
2, 3, 5
Let a(j) = -2*j**2 + 12*j + 40. Let k(l) = l**2 - 6*l - 20. Let g(m) = -3*a(m) - 5*k(m). List the prime factors of g(18).
2, 7
Suppose 3*t + 1 - 7 = 0. Suppose z = -t, 5*h - 4*z = -2*z + 859. List the prime factors of h.
3, 19
Suppose -401 = -r + 3*h, 253 - 1495 = -3*r - 4*h. What are the prime factors of r?
2, 5, 41
Let s(r) = 40*r - 380. List the prime factors of s(21).
2, 5, 23
Suppose 0*o = 5*s + 3*o + 37, -3*o + 19 = -2*s. What are the prime factors of (-100 + 7)*s/6?
2, 31
List the prime factors of 46*3*(-81)/(-6).
3, 23
Let u be (-5)/20 + 73/4. Suppose 2*v + u = 2*n, -2*n + 8 + 24 = 5*v. Suppose 106 = 2*j - 4*a, -3*a = j + n - 39. What are the prime factors of j?
43
Let a(z) = -6*z - 22. Let j be a(-5). Let i(q) = 2*q**2 - 5*q - 14. List the prime factors of i(j).
2, 37
Suppose -2*v + 7*v = 725. Suppose -12*o + 17*o = v. What are the prime factors of o?
29
Let b(l) = 4*l + l + 2*l**2 - 4*l. Suppose -o - 4*o + 10 = 0. What are the prime factors of b(o)?
2, 5
Let d(o) = -8*o**3 - 25*o**2 + 15*o - 21. Let x(l) = 2*l**3 + 6*l**2 - 4*l + 5. Let h(q) = 2*d(q) + 9*x(q). Let m = 10 - 7. List the prime factors of h(m).
3, 5
Let o = -881 + 2047. What are the prime factors of o?
2, 11, 53
Let y be (-2163)/105 + (-4)/10. Let r = y - -20. What are the prime factors of (21/28)/(r/(-28))?
3, 7
Let w(a) = -168*a - 28. What are the prime factors of w(-7)?
2, 7, 41
List the prime factors of ((1 - 8) + -175)*15/(-2).
3, 5, 7, 13
Let o be (6/(-10))/(10/(-150)). Suppose -10*l + 34 = -o*l. List the prime factors of l.
2, 17
What are the prime factors of 2956/6 - (-2)/(-3)?
2, 3, 41
Suppose t = -2*b - 5 + 20, -5*b = -5*t. Suppose t*c - c = -n + 26, 3*n + 2*c = 118. List the prime factors of ((-2)/(-2))/(-1) + n.
41
Let f(j) = j**3 - 14*j**2 - 15*j + 2. Let b = 25 + -10. Let v be f(b). Suppose 0 = -0*i + v*i - 8. List the prime factors of i.
2
Suppose -c + 4*i = 2*i - 9, 2*c - i - 24 = 0. Let l = c - -6. List the prime factors of l.
19
Suppose -3*q = q - 240. Let r = q + -12. Suppose -5*c - 4*g = -72, 3*g + g = 5*c - r. List the prime factors of c.
2, 3
Suppose 48*x = 42*x - 12. Let v(i) = -44*i**2 + 11*i + 15. Let o(m) = 9*m**2 - 2*m - 3. Let h(g) = 11*o(g) + 2*v(g). List the prime factors of h(x).
41
Let j be (-2 + 15/10)*-14. Suppose -n - j = -17. List the prime factors of n.
2, 5
Suppose -2*k = -3*n + 9, -4*n + 4*k = -0*n - 8. List the prime factors of 148 + -1*n/5.
3, 7
Suppose -4*x - 1300 = -3*b, -2*b = -b - 3*x - 440. What are the prime factors of b?
2, 107
Let x be -2 + -1 - (-3 + 6). Let b(u) = 4*u - 5. Let p be b(x). Let k = p + 41. List the prime factors of k.
2, 3
Suppose 5*j - 1925 = 5*v, -4*v = 8 - 4. What are the prime factors of j?
2, 3
Let c = 886 + -97. Suppose 5*o = -15, 2*o - c + 195 = -5*w. List the prime factors of w.
2, 3, 5
Let o be (-10)/15*(-546)/4. Let u = o - -21. L